-111?
20012020
In base 14, what is -15 + 10367?
10352
In base 14, what is -86 + -9?
-91
In base 16, what is -14144 - -5?
-1413f
In base 6, what is 5554 - 203?
5351
In base 13, what is 3 + 6568?
656b
In base 13, what is 68 + c96?
1031
In base 12, what is 924a - 107?
9143
In base 9, what is -53 - 3026?
-3080
In base 13, what is 7 - -8207?
8211
In base 13, what is -476 + -15?
-48b
In base 2, what is -101011000 - -1?
-101010111
In base 5, what is -1333131 - -130?
-1333001
In base 12, what is -83 - -2764?
26a1
In base 15, what is -434 + -7b1?
-be5
In base 3, what is -11100 - -10020222?
10002122
In base 3, what is -2001201000 - 2001?
-2001210001
In base 2, what is 10 - -1101010100000110?
1101010100001000
In base 12, what is -6 - 4712a?
-47134
In base 11, what is 365057 + 8?
365064
In base 3, what is -102221022 + -12?
-102221111
In base 12, what is -1461 - 16?
-1477
In base 6, what is 1312 + -53?
1215
In base 6, what is 1132 - 1205?
-33
In base 15, what is -b7 + -722?
-7d9
In base 4, what is -10212311103 - -10?
-10212311033
In base 3, what is 2100 + -1200112?
-1121012
In base 15, what is -5 + a2e09?
a2e04
In base 12, what is 962912 - 2?
962910
In base 5, what is 40112021 - -1?
40112022
In base 13, what is 7631 - -3?
7634
In base 16, what is -7764 + -2?
-7766
In base 3, what is 200010122 - 101?
200010021
In base 8, what is -3367 + -2401?
-5770
In base 12, what is -36 + -168?
-1a2
In base 16, what is 12 - 25b9?
-25a7
In base 8, what is -34 - 124774?
-125030
In base 14, what is -13d - 1798?
-18d7
In base 14, what is 3aaa33 + 3?
3aaa36
In base 7, what is 53265 - 13?
53252
In base 4, what is -33222003120 + 1?
-33222003113
In base 6, what is -340144 + 0?
-340144
In base 3, what is -2020001012 - -100?
-2020000212
In base 7, what is 6 - 334225?
-334216
In base 4, what is 3130 + 3?
3133
In base 14, what is 45495 - 2?
45493
In base 14, what is -2dc - -2b?
-2b1
In base 8, what is -20764 + 3?
-20761
In base 8, what is -106 - 107545?
-107653
In base 12, what is -1b - -83?
64
In base 5, what is 21233 + -104?
21124
In base 4, what is -10 - 2022031?
-2022101
In base 8, what is -11065 - -16?
-11047
In base 11, what is -21 + -276aa?
-27720
In base 7, what is 222 + 25?
250
In base 8, what is 1 - 25746?
-25745
In base 12, what is -5 + 1006a?
10065
In base 4, what is 1011301 + 20213?
1032120
In base 13, what is 2 - 4070a?
-40708
In base 13, what is ab618 - 5?
ab613
In base 14, what is -1 - -709?
708
In base 11, what is 2165 + -5?
2160
In base 15, what is -15ae - 12?
-15c1
In base 2, what is 10100100 - -101111001110?
110001110010
In base 4, what is -13313 - -1122?
-12131
In base 9, what is -533 - 227?
-761
In base 15, what is -5a42a - -1?
-5a429
In base 14, what is -b + 7b9?
7ac
In base 2, what is 1111101010001010 + 101010?
1111101010110100
In base 14, what is 1dd + -9?
1d4
In base 4, what is 20022 - 32320?
-12232
In base 15, what is -1e1 - -c3?
-11d
In base 16, what is e591 + -3?
e58e
In base 11, what is -14a5 + 2?
-14a3
In base 12, what is 200012 + 3?
200015
In base 4, what is 13 + 1003022013?
1003022032
In base 16, what is -100c + -8?
-1014
In base 5, what is -10 - -102003334?
102003324
In base 14, what is 5d6c2 - -b?
5d6cd
In base 5, what is 220320 + 10?
220330
In base 12, what is -18 + 1a27?
1a0b
In base 9, what is -134734 - 14?
-134748
In base 16, what is a62 - 12?
a50
In base 14, what is 1 + 1d44?
1d45
In base 6, what is -115 + -12023?
-12142
In base 12, what is -2a1a - 2?
-2a20
In base 13, what is -173 - -20c?
69
In base 6, what is 501403 - -23?
501430
In base 8, what is -12 - -1555?
1543
In base 15, what is a7 + -32?
75
In base 2, what is 110111011 + -110110?
110000101
In base 12, what is -1176 + 2a?
-1148
In base 16, what is 15d + -92?
cb
In base 4, what is -2 - 123031?
-123033
In base 5, what is 2320 + -2040?
230
In base 7, what is 3634 - -465?
4432
In base 7, what is -403 + -1532?
-2235
In base 6, what is 232221 + -114?
232103
In base 4, what is 101 - -111303?
112010
In base 16, what is 2833 - 1?
2832
In base 16, what is b6f7 - 16?
b6e1
In base 8, what is 332 - -52?
404
In base 3, what is 1202 - -2210202?
2212111
In base 3, what is 12 - 1110222100?
-1110222011
In base 6, what is -4525 - -103?
-4422
In base 8, what is -736 + 4?
-732
In base 14, what is -da0 + d?
-d91
In base 10, what is -853 - 268?
-1121
In base 13, what is -43bc4 - -1?
-43bc3
In base 9, what is 3 - 514507?
-514504
In base 4, what is 3 + -31003223?
-31003220
In base 10, what is -23101 + -263?
-23364
In base 16, what is 1046 + 7?
104d
In base 13, what is 1 - 16198?
-16197
In base 7, what is -106 - 200?
-306
In base 12, what is 16 - -43?
59
In base 4, what is 10320302 - 10?
10320232
In base 5, what is -302142 + 222?
-301420
In base 5, what is 300022421 + -10?
300022411
In base 4, what is 32101 + -2331?
23110
In base 12, what is -12 - -53972?
53960
In base 16, what is -151 + fc?
-55
In base 14, what is 0 - a3b0?
-a3b0
In base 13, what is 4705 - 9?
46c9
In base 8, what is 11 + 21675?
21706
In base 4, what is -32232 + 120013?
21121
In base 8, what is 0 - -1407034?
1407034
In base 4, what is 3 - 13121132020?
-13121132011
In base 5, what is 231 - -343?
1124
In base 14, what is -4 - -11d8d9?
11d8d5
In base 10, what is -4 + -208823?
-208827
In base 7, what is 5 - -112031?
112036
In base 8, what is 1332755 + -2?
1332753
In base 7, what is -12145006 + 4?
-12145002
In base 7, what is -2 - 1364?
-1366
In base 7, what is 103650 - 3?
103644
In base 15, what is -ec3b - 50?
-ec8b
In base 6, what is -1523 - -54?
-1425
In base 6, what is -5 - -1510353?
1510344
In base 8, what is -31305611 - 0?
-31305611
In base 11, what is 246 + -24a?
-4
In base 11, what is -76 + 190?
115
In base 2, what is 0 - -1111001001101?
1111001001101
In base 14, what is 0 - -44ab3?
44ab3
In base 5, what is -4221 - 431?
-10202
In base 15, what is -10 + -4986?
-4996
In base 12, what is -1 - -3760?
375b
In base 2, what is 110100000 - -1111010?
1000011010
In base 9, what is 6153588 - 2?
6153586
In base 11, what is 2254a74 - -4?
2254a78
In base 7, what is 3446366 - 5?
3446361
In base 12, what is -2 + 17941?
1793b
In base 3, what is 212 - 10122212?
-10122000
In base 5, what is -22320 - -24?
-22241
In base 11, what is 14 + -a027?
-a013
In base 13, what is -4b3a - 8?
-4b45
In base 15, what is 1d22 - -11?
1d33
In base 16, what is -5 - -29ee?
29e9
In base 16, what is -583 - -4?
-57f
In base 3, what is 10 - -1100211201?
1100211211
In base 9, what is -80836 + -1?
-80837
In base 6, what is 120143 + 311?
120454
In base 5, what is -324334 + 2?
-324332
In base 15, what is -87 - -8456?
83be
In base 3, what is 21101 - 101110?
-10002
In base 7, what is -1 + -361?
-362
In base 6, what is -3250 + 50?
-3200
In base 16, what is f - -2630?
263f
In base 3, what is -102 - 10122210?
-10200012
In base 16, what is 14e0 + -70?
1470
In base 9, what is 1200 + -50?
1140
In base 11, what is 50 + 408?
458
In base 6, what is 33 - -113210?
113243
In base 4, what is 31301 - -23003?
120310
In base 4, what is -322231200 - 0?
-322231200
In base 10, what is -41 - -6695?
6654
In base 12, what is 20268 - -6?
20272
In base 14, what is -1 - -169c74?
169c73
In base 7, what is 4622531 - 1?
4622530
In base 13, what is -5 + -1b908?
-1b910
In base 16, what is -4719 - 4?
-471d
In base 3, what is -110220121 - -12210?
-110200211
In base 11, what is -5 - -75a5?
75a0
In base 9, what is -102433 + 2?
-102431
In base 11, what is -10 - 8297?
-82a7
In base 12, what is 1 + -7657?
-7656
In base 3, what is 2101200 + 100122?
2202022
In base 4, what is 111131 + -221?
110310
In base 2, what is 101 - -11010111011011?
11010111100000
In base 13, what is -37c - 97?
-446
In base 3, what is -10220221221010 - -12?
-10220221220221
In base 11, what is -36267 + 41?
-36226
In base 10, what is -14379 - 2?
-14381
In base 13, what is 3 + 1c711?
1c714
In base 11, what is -13 - 16967?
-1697a
In base 14, what is 91a946 + 0?
91a946
In base 13, what is 5 - 5070?
-5068
In base 11, what is 37 + 4a401?
4a438
In base 3, what is -122220002 + -1001?
-122221010
In base 3, what is -11 - -222001022222?
222001022211
In base 2, what is -100011110 + 101000110011?
100100010101
In base 13, what is -323a + 153?
-30b7
In base 15, what is -6 + -532d?
-5334
In base 2, what is -10010011001101011 - 101?
-10010011001110000
In base 5, what 